{"id":8191,"date":"2020-05-13T15:09:32","date_gmt":"2020-05-13T15:09:32","guid":{"rendered":"http:\/\/www.atelierles.sk\/?page_id=8191"},"modified":"2026-03-10T14:25:43","modified_gmt":"2026-03-10T13:25:43","slug":"obcianske-zdruzenie-atelier-33","status":"publish","type":"page","link":"https:\/\/www.atelierles.sk\/index.php\/obcianske-zdruzenie-atelier-33\/","title":{"rendered":"Ob\u010dianske zdru\u017eenie Ateli\u00e9r 33"},"content":{"rendered":"<p style=\"text-align: justify;\">Cie\u013eom zdru\u017eenia je na miestnej a region\u00e1lnej \u00farovni vyv\u00edja\u0165 aktivity ved\u00face k zabezpe\u010deniu podpory vzdel\u00e1vania a realiz\u00e1cie vzdel\u00e1vac\u00edch programov. Zdru\u017eenie organizuje vedeck\u00e9, kult\u00farne, spolo\u010densk\u00e9, \u0161portov\u00e9 a vzdel\u00e1vacie podujatia, ktor\u00e9 prispievaj\u00fa k propag\u00e1ci\u00ed a skvalit\u0148ovaniu realizovan\u00fdch projektov ako aj edukat\u00edvnych projektov v oblasti zdravej v\u00fd\u017eivy a ochrany pr\u00edrody.<\/p>\n<p>Ob\u010dianske zdru\u017eenie Ateli\u00e9r 33 je zria\u010fovate\u013eom S\u00fakromnej z\u00e1kladnej \u0161koly Ateli\u00e9r a z\u00e1rove\u0148 \u00fazko spolupracuje a podporuje aktivity Lesn\u00e9ho klubu Ateli\u00e9r LES ako aj vzdel\u00e1vacej skupiny \u017diTo. Ka\u017edodenn\u00e9 aktivity Lesn\u00e9ho klubu s\u00fa organizovan\u00e9 zdru\u017een\u00edm fyzick\u00fdch os\u00f4b Kamar\u00e1ti Ateli\u00e9ru LES.<\/p>\n<p>\u0160trukt\u00fara OZ Ateli\u00e9r 33:<\/p>\n<p style=\"text-align: justify;\">Spr\u00e1vna rada:<br \/>\nPredseda, \u0161tatut\u00e1r a spr\u00e1vca: Mgr. Miroslava \u017deni\u0161ov\u00e1, 0903 959 871<br \/>\nPodpredseda, \u0161tatut\u00e1r, zakladate\u013e: Mgr. Alica Stodolovsk\u00e1, 0905 795 401<br \/>\n\u010clen spr\u00e1vnej rady: Ing. Arch. M\u00e1ria Kubas\u00e1kov\u00e1, 0911 730 073<\/p>\n<p>Ateli\u00e9r 33, o.z.<br \/>\nPri Suchom mlyne 33<br \/>\n81104 Bratislava \u2013 Star\u00e9 Mesto<\/p>\n<p>I\u010cO: 42415179<br \/>\nDI\u010c: 2120001906<br \/>\nI\u010c DPH: nie sme platci DPH<\/p>\n<p>Pe\u0148a\u017en\u00fd \u00fastav: FIO Banka<br \/>\nIBAN: SK16 8330 0000 0027 0129 3538<br \/>\nK\u00f3d banky: 8330<\/p>\n<p><a href=\"http:\/\/www.atelierles.sk\/wp-content\/uploads\/2020\/05\/Stanovy-Nove-2019-scan.pdf\" rel=\"\">Stanovy Nove 2019 scan<\/a><\/p>\n<p><a href=\"http:\/\/www.atelierles.sk\/wp-content\/uploads\/2020\/05\/V\u00fdro\u010dn\u00e1-spr\u00e1va-2017-Ateli\u00e9r-les.pdf\" rel=\"\">V\u00fdro\u010dn\u00e1 spr\u00e1va 2017 Ateli\u00e9r les<\/a><\/p>\n<p><a href=\"http:\/\/www.atelierles.sk\/wp-content\/uploads\/2020\/05\/V\u00fdro\u010dn\u00e1-spr\u00e1va-2018-Ateli\u00e9r-les.pdf\" rel=\"\">V\u00fdro\u010dn\u00e1 spr\u00e1va 2018 Ateli\u00e9r les<\/a><\/p>\n<p><a href=\"http:\/\/www.atelierles.sk\/wp-content\/uploads\/2020\/05\/V\u00fdro\u010dn\u00e1-spr\u00e1va-2019-Ateli\u00e9r-les.pdf\" rel=\"\">V\u00fdro\u010dn\u00e1 spr\u00e1va 2019 Ateli\u00e9r les<\/a><\/p>\n<p><a href=\"http:\/\/www.atelierles.sk\/wp-content\/uploads\/2020\/05\/V\u00fdro\u010dn\u00e1-spr\u00e1va-2020-Ateli\u00e9r-LES.pdf\" rel=\"\">V\u00fdro\u010dn\u00e1 spr\u00e1va 2020 Ateli\u00e9r LES<\/a><\/p>\n<p><a href=\"http:\/\/www.atelierles.sk\/wp-content\/uploads\/2020\/05\/V\u00fdro\u010dn\u00e1-spr\u00e1va-2021-Ateli\u00e9r-LES.pdf\" rel=\"\">V\u00fdro\u010dn\u00e1 spr\u00e1va 2021 Ateli\u00e9r LES<\/a><\/p>\n<p><a href=\"http:\/\/www.atelierles.sk\/wp-content\/uploads\/2020\/05\/V\u00fdro\u010dn\u00e1-spr\u00e1va-2022-Ateli\u00e9r-LES.pdf\" rel=\"\">V\u00fdro\u010dn\u00e1 spr\u00e1va 2022 Ateli\u00e9r LES<\/a><\/p>\n<p><a href=\"http:\/\/www.atelierles.sk\/wp-content\/uploads\/2020\/05\/V\u00fdro\u010dn\u00e1-spr\u00e1va-2023-Ateli\u00e9r-LES.pdf\" rel=\"\">V\u00fdro\u010dn\u00e1 spr\u00e1va 2023 Ateli\u00e9r LES<\/a><\/p>\n<p><a href=\"http:\/\/www.atelierles.sk\/wp-content\/uploads\/2020\/05\/V\u00fdro\u010dn\u00e1-spr\u00e1va-2024-Ateli\u00e9r-LES.pdf\" rel=\"\">V\u00fdro\u010dn\u00e1 spr\u00e1va 2024 Ateli\u00e9r LES<\/a><\/p>\n","protected":false},"excerpt":{"rendered":"<p>Cie\u013eom zdru\u017eenia je na miestnej a region\u00e1lnej \u00farovni vyv\u00edja\u0165 aktivity ved\u00face k zabezpe\u010deniu podpory vzdel\u00e1vania a realiz\u00e1cie vzdel\u00e1vac\u00edch programov. Zdru\u017eenie organizuje vedeck\u00e9, kult\u00farne, spolo\u010densk\u00e9, \u0161portov\u00e9 a vzdel\u00e1vacie podujatia, ktor\u00e9 prispievaj\u00fa k propag\u00e1ci\u00ed a skvalit\u0148ovaniu realizovan\u00fdch projektov ako aj edukat\u00edvnych projektov v oblasti zdravej v\u00fd\u017eivy a ochrany pr\u00edrody. Ob\u010dianske zdru\u017eenie Ateli\u00e9r 33 je zria\u010fovate\u013eom S\u00fakromnej z\u00e1kladnej &hellip; <a href=\"https:\/\/www.atelierles.sk\/index.php\/obcianske-zdruzenie-atelier-33\/\" class=\"more-link\">Continue reading <span class=\"screen-reader-text\">Ob\u010dianske zdru\u017eenie Ateli\u00e9r 33<\/span><\/a><\/p>\n","protected":false},"author":2,"featured_media":0,"parent":0,"menu_order":0,"comment_status":"closed","ping_status":"closed","template":"","meta":{"footnotes":""},"class_list":["post-8191","page","type-page","status-publish","hentry"],"_links":{"self":[{"href":"https:\/\/www.atelierles.sk\/index.php\/wp-json\/wp\/v2\/pages\/8191","targetHints":{"allow":["GET"]}}],"collection":[{"href":"https:\/\/www.atelierles.sk\/index.php\/wp-json\/wp\/v2\/pages"}],"about":[{"href":"https:\/\/www.atelierles.sk\/index.php\/wp-json\/wp\/v2\/types\/page"}],"author":[{"embeddable":true,"href":"https:\/\/www.atelierles.sk\/index.php\/wp-json\/wp\/v2\/users\/2"}],"replies":[{"embeddable":true,"href":"https:\/\/www.atelierles.sk\/index.php\/wp-json\/wp\/v2\/comments?post=8191"}],"version-history":[{"count":10,"href":"https:\/\/www.atelierles.sk\/index.php\/wp-json\/wp\/v2\/pages\/8191\/revisions"}],"predecessor-version":[{"id":8675,"href":"https:\/\/www.atelierles.sk\/index.php\/wp-json\/wp\/v2\/pages\/8191\/revisions\/8675"}],"wp:attachment":[{"href":"https:\/\/www.atelierles.sk\/index.php\/wp-json\/wp\/v2\/media?parent=8191"}],"curies":[{"name":"wp","href":"https:\/\/api.w.org\/{rel}","templated":true}]}}

Občianske združenie Ateliér 33

<p style="text-align: justify;">Cieľom združenia je na miestnej a regionálnej úrovni vyvíjať aktivity vedúce k zabezpečeniu podpory vzdelávania a realizácie vzdelávacích programov. Združenie organizuje vedecké, kultúrne, spoločenské, športové a vzdelávacie podujatia, ktoré prispievajú k propagácií a skvalitňovaniu realizovaných projektov ako aj edukatívnych projektov v oblasti zdravej výživy a ochrany prírody.</p>
<p>Občianske združenie Ateliér 33 je zriaďovateľom Súkromnej základnej školy Ateliér a zároveň úzko spolupracuje a podporuje aktivity Lesného klubu Ateliér LES ako aj vzdelávacej skupiny ŽiTo. Každodenné aktivity Lesného klubu sú organizované združením fyzických osôb Kamaráti Ateliéru LES.</p>
<p>Štruktúra OZ Ateliér 33:</p>
<p style="text-align: justify;">Správna rada:<br />
Predseda, štatutár a správca: Mgr. Miroslava Ženišová, 0903 959 871<br />
Podpredseda, štatutár, zakladateľ: Mgr. Alica Stodolovská, 0905 795 401<br />
Člen správnej rady: Ing. Arch. Mária Kubasáková, 0911 730 073</p>
<p>Ateliér 33, o.z.<br />
Pri Suchom mlyne 33<br />
81104 Bratislava – Staré Mesto</p>
<p>IČO: 42415179<br />
DIČ: 2120001906<br />
IČ DPH: nie sme platci DPH</p>
<p>Peňažný ústav: FIO Banka<br />
IBAN: SK16 8330 0000 0027 0129 3538<br />
Kód banky: 8330</p>
<p><a href="http://www.atelierles.sk/wp-content/uploads/2020/05/Stanovy-Nove-2019-scan.pdf" rel="">Stanovy Nove 2019 scan</a></p>
<p><a href="http://www.atelierles.sk/wp-content/uploads/2020/05/Výročná-správa-2017-Ateliér-les.pdf" rel="">Výročná správa 2017 Ateliér les</a></p>
<p><a href="http://www.atelierles.sk/wp-content/uploads/2020/05/Výročná-správa-2018-Ateliér-les.pdf" rel="">Výročná správa 2018 Ateliér les</a></p>
<p><a href="http://www.atelierles.sk/wp-content/uploads/2020/05/Výročná-správa-2019-Ateliér-les.pdf" rel="">Výročná správa 2019 Ateliér les</a></p>
<p><a href="http://www.atelierles.sk/wp-content/uploads/2020/05/Výročná-správa-2020-Ateliér-LES.pdf" rel="">Výročná správa 2020 Ateliér LES</a></p>
<p><a href="http://www.atelierles.sk/wp-content/uploads/2020/05/Výročná-správa-2021-Ateliér-LES.pdf" rel="">Výročná správa 2021 Ateliér LES</a></p>
<p><a href="http://www.atelierles.sk/wp-content/uploads/2020/05/Výročná-správa-2022-Ateliér-LES.pdf" rel="">Výročná správa 2022 Ateliér LES</a></p>
<p><a href="http://www.atelierles.sk/wp-content/uploads/2020/05/Výročná-správa-2023-Ateliér-LES.pdf" rel="">Výročná správa 2023 Ateliér LES</a></p>
<p><a href="http://www.atelierles.sk/wp-content/uploads/2020/05/Výročná-správa-2024-Ateliér-LES.pdf" rel="">Výročná správa 2024 Ateliér LES</a></p>

<p>Cieľom združenia je na miestnej a regionálnej úrovni vyvíjať aktivity vedúce k zabezpečeniu podpory vzdelávania a realizácie vzdelávacích programov. Združenie organizuje vedecké, kultúrne, spoločenské, športové a vzdelávacie podujatia, ktoré prispievajú k propagácií a skvalitňovaniu realizovaných projektov ako aj edukatívnych projektov v oblasti zdravej výživy a ochrany prírody. Občianske združenie Ateliér 33 je zriaďovateľom Súkromnej základnej &hellip; <a href="https://www.atelierles.sk/index.php/obcianske-zdruzenie-atelier-33/" class="more-link">Continue reading <span class="screen-reader-text">Občianske združenie Ateliér 33</span></a></p>
